{"id":12,"date":"2025-05-04T18:38:40","date_gmt":"2025-05-04T18:38:40","guid":{"rendered":"https:\/\/mvknunningen.ch\/?page_id=12"},"modified":"2025-05-12T19:15:47","modified_gmt":"2025-05-12T19:15:47","slug":"kontakt","status":"publish","type":"page","link":"https:\/\/mvknunningen.ch\/?page_id=12","title":{"rendered":"Kontakt"},"content":{"rendered":"\n<h2 class=\"wp-block-heading\">Vereinsadresse<\/h2>\n\n\n\n<p>Musikverein Konkordia Nunningen<br>Riedenweg 18b<br>4208 Nunningen<\/p>\n\n\n\n<p>Bei Fragen steht der Pr\u00e4sident unter <a href=\"mailto:praesidium@mvknunningen.ch\">praesidium@mvknunningen.ch<\/a> gerne zur Verf\u00fcgung. F\u00fcr Anliegen rund um Sponsoring k\u00f6nnen Sie sich an <a href=\"mailto:inserate@mvknunningen.ch\">inserate@mvknunningen.ch<\/a> wenden.<\/p>\n\n\n\n<h2 class=\"wp-block-heading\">Verantwortliche Personen<\/h2>\n\n\n\n<h3 class=\"wp-block-heading\">Vorstand<\/h3>\n\n\n\n<figure class=\"wp-block-table is-style-stripes\"><table class=\"has-fixed-layout\"><tbody><tr><td><strong>Charge<\/strong><\/td><td><strong>Name<\/strong><\/td><\/tr><tr><td>Anl\u00e4sse &amp; Konzerte<\/td><td>Sandra Blaser<\/td><\/tr><tr><td>Finanzen<\/td><td>Denise Emmenegger<\/td><\/tr><tr><td>Material<\/td><td>Nadine Walter<\/td><\/tr><tr><td>\u00d6ffentlichkeitsarbeit<\/td><td>Petra Gasser<\/td><\/tr><tr><td>Pr\u00e4sidium<\/td><td>Manfred Gasser<\/td><\/tr><tr><td>Sekretariat<\/td><td>Anton H\u00e4nggi<\/td><\/tr><tr><td>Vizepr\u00e4sidium<\/td><td>Sandra Blaser<\/td><\/tr><\/tbody><\/table><\/figure>\n\n\n\n<h3 class=\"wp-block-heading\">Musikkommission<\/h3>\n\n\n\n<figure class=\"wp-block-table is-style-stripes\"><table class=\"has-fixed-layout\"><tbody><tr><td><strong>Charge<\/strong><\/td><td><strong>Name<\/strong><\/td><\/tr><tr><td>Beisitz<\/td><td>Andreas Grolimund<\/td><\/tr><tr><td>Beisitz<\/td><td>Michael Fischer<\/td><\/tr><tr><td>Beisitz<\/td><td>Sarina Zeugin<\/td><\/tr><tr><td>Pr\u00e4sidium<\/td><td>Matthias Altermatt<\/td><\/tr><\/tbody><\/table><\/figure>\n\n\n\n<h3 class=\"wp-block-heading\">Jugendmusik<\/h3>\n\n\n\n<figure class=\"wp-block-table is-style-stripes\"><table class=\"has-fixed-layout\"><tbody><tr><td><strong>Charge<\/strong><\/td><td><strong>Name<\/strong><\/td><\/tr><tr><td>Finanzen<\/td><td>Andreas H\u00e4nggi<\/td><\/tr><tr><td>Verantwortliche<\/td><td>Katja Gasser<\/td><\/tr><\/tbody><\/table><\/figure>\n\n\n\n<h2 class=\"wp-block-heading\"><a href=\"https:\/\/mvknunningen.ch\/?page_id=3\">Datenschutzerkl\u00e4rung<\/a><\/h2>\n","protected":false},"excerpt":{"rendered":"<p>Vereinsadresse Musikverein Konkordia NunningenRiedenweg 18b4208 Nunningen Bei Fragen steht der Pr\u00e4sident unter praesidium@mvknunningen.ch gerne zur Verf\u00fcgung. F\u00fcr Anliegen rund um Sponsoring k\u00f6nnen Sie sich an inserate@mvknunningen.ch wenden. Verantwortliche Personen Vorstand Charge Name Anl\u00e4sse &amp; Konzerte Sandra Blaser Finanzen Denise Emmenegger Material Nadine Walter \u00d6ffentlichkeitsarbeit Petra Gasser Pr\u00e4sidium Manfred Gasser Sekretariat Anton H\u00e4nggi Vizepr\u00e4sidium Sandra Blaser<a class=\"more-link\" href=\"https:\/\/mvknunningen.ch\/?page_id=12\">Continue reading <span class=\"screen-reader-text\">&#171;Kontakt&#187;<\/span><\/a><\/p>\n","protected":false},"author":1,"featured_media":0,"parent":0,"menu_order":0,"comment_status":"closed","ping_status":"closed","template":"","meta":{"footnotes":""},"class_list":["post-12","page","type-page","status-publish","hentry","entry"],"yoast_head":"<!-- This site is optimized with the Yoast SEO plugin v27.4 - https:\/\/yoast.com\/product\/yoast-seo-wordpress\/ -->\n<title>Kontakt - MVK Nunningen<\/title>\n<meta name=\"robots\" content=\"index, follow, max-snippet:-1, max-image-preview:large, max-video-preview:-1\" \/>\n<link rel=\"canonical\" href=\"https:\/\/mvknunningen.ch\/?page_id=12\" \/>\n<meta property=\"og:locale\" content=\"de_DE\" \/>\n<meta property=\"og:type\" content=\"article\" \/>\n<meta property=\"og:title\" content=\"Kontakt - MVK Nunningen\" \/>\n<meta property=\"og:description\" content=\"Vereinsadresse Musikverein Konkordia NunningenRiedenweg 18b4208 Nunningen Bei Fragen steht der Pr\u00e4sident unter praesidium@mvknunningen.ch gerne zur Verf\u00fcgung. F\u00fcr Anliegen rund um Sponsoring k\u00f6nnen Sie sich an inserate@mvknunningen.ch wenden. Verantwortliche Personen Vorstand Charge Name Anl\u00e4sse &amp; Konzerte Sandra Blaser Finanzen Denise Emmenegger Material Nadine Walter \u00d6ffentlichkeitsarbeit Petra Gasser Pr\u00e4sidium Manfred Gasser Sekretariat Anton H\u00e4nggi Vizepr\u00e4sidium Sandra BlaserContinue reading &quot;Kontakt&quot;\" \/>\n<meta property=\"og:url\" content=\"https:\/\/mvknunningen.ch\/?page_id=12\" \/>\n<meta property=\"og:site_name\" content=\"MVK Nunningen\" \/>\n<meta property=\"article:publisher\" content=\"https:\/\/www.facebook.com\/mvknunningen\" \/>\n<meta property=\"article:modified_time\" content=\"2025-05-12T19:15:47+00:00\" \/>\n<meta name=\"twitter:card\" content=\"summary_large_image\" \/>\n<meta name=\"twitter:label1\" content=\"Gesch\u00e4tzte Lesezeit\" \/>\n\t<meta name=\"twitter:data1\" content=\"1\u00a0Minute\" \/>\n<script type=\"application\/ld+json\" class=\"yoast-schema-graph\">{\"@context\":\"https:\\\/\\\/schema.org\",\"@graph\":[{\"@type\":\"WebPage\",\"@id\":\"https:\\\/\\\/mvknunningen.ch\\\/?page_id=12\",\"url\":\"https:\\\/\\\/mvknunningen.ch\\\/?page_id=12\",\"name\":\"Kontakt - MVK Nunningen\",\"isPartOf\":{\"@id\":\"https:\\\/\\\/mvknunningen.ch\\\/#website\"},\"datePublished\":\"2025-05-04T18:38:40+00:00\",\"dateModified\":\"2025-05-12T19:15:47+00:00\",\"breadcrumb\":{\"@id\":\"https:\\\/\\\/mvknunningen.ch\\\/?page_id=12#breadcrumb\"},\"inLanguage\":\"de-CH\",\"potentialAction\":[{\"@type\":\"ReadAction\",\"target\":[\"https:\\\/\\\/mvknunningen.ch\\\/?page_id=12\"]}]},{\"@type\":\"BreadcrumbList\",\"@id\":\"https:\\\/\\\/mvknunningen.ch\\\/?page_id=12#breadcrumb\",\"itemListElement\":[{\"@type\":\"ListItem\",\"position\":1,\"name\":\"Startseite\",\"item\":\"https:\\\/\\\/mvknunningen.ch\\\/\"},{\"@type\":\"ListItem\",\"position\":2,\"name\":\"Kontakt\"}]},{\"@type\":\"WebSite\",\"@id\":\"https:\\\/\\\/mvknunningen.ch\\\/#website\",\"url\":\"https:\\\/\\\/mvknunningen.ch\\\/\",\"name\":\"MVK\",\"description\":\"\",\"publisher\":{\"@id\":\"https:\\\/\\\/mvknunningen.ch\\\/#organization\"},\"potentialAction\":[{\"@type\":\"SearchAction\",\"target\":{\"@type\":\"EntryPoint\",\"urlTemplate\":\"https:\\\/\\\/mvknunningen.ch\\\/?s={search_term_string}\"},\"query-input\":{\"@type\":\"PropertyValueSpecification\",\"valueRequired\":true,\"valueName\":\"search_term_string\"}}],\"inLanguage\":\"de-CH\"},{\"@type\":\"Organization\",\"@id\":\"https:\\\/\\\/mvknunningen.ch\\\/#organization\",\"name\":\"Musikverein Konkordia Nunningen\",\"url\":\"https:\\\/\\\/mvknunningen.ch\\\/\",\"logo\":{\"@type\":\"ImageObject\",\"inLanguage\":\"de-CH\",\"@id\":\"https:\\\/\\\/mvknunningen.ch\\\/#\\\/schema\\\/logo\\\/image\\\/\",\"url\":\"https:\\\/\\\/mvknunningen.ch\\\/wp-content\\\/uploads\\\/2025\\\/05\\\/cropped-Logo_MVKN.png\",\"contentUrl\":\"https:\\\/\\\/mvknunningen.ch\\\/wp-content\\\/uploads\\\/2025\\\/05\\\/cropped-Logo_MVKN.png\",\"width\":306,\"height\":80,\"caption\":\"Musikverein Konkordia Nunningen\"},\"image\":{\"@id\":\"https:\\\/\\\/mvknunningen.ch\\\/#\\\/schema\\\/logo\\\/image\\\/\"},\"sameAs\":[\"https:\\\/\\\/www.facebook.com\\\/mvknunningen\"]}]}<\/script>\n<!-- \/ Yoast SEO plugin. -->","yoast_head_json":{"title":"Kontakt - MVK Nunningen","robots":{"index":"index","follow":"follow","max-snippet":"max-snippet:-1","max-image-preview":"max-image-preview:large","max-video-preview":"max-video-preview:-1"},"canonical":"https:\/\/mvknunningen.ch\/?page_id=12","og_locale":"de_DE","og_type":"article","og_title":"Kontakt - MVK Nunningen","og_description":"Vereinsadresse Musikverein Konkordia NunningenRiedenweg 18b4208 Nunningen Bei Fragen steht der Pr\u00e4sident unter praesidium@mvknunningen.ch gerne zur Verf\u00fcgung. F\u00fcr Anliegen rund um Sponsoring k\u00f6nnen Sie sich an inserate@mvknunningen.ch wenden. Verantwortliche Personen Vorstand Charge Name Anl\u00e4sse &amp; Konzerte Sandra Blaser Finanzen Denise Emmenegger Material Nadine Walter \u00d6ffentlichkeitsarbeit Petra Gasser Pr\u00e4sidium Manfred Gasser Sekretariat Anton H\u00e4nggi Vizepr\u00e4sidium Sandra BlaserContinue reading \"Kontakt\"","og_url":"https:\/\/mvknunningen.ch\/?page_id=12","og_site_name":"MVK Nunningen","article_publisher":"https:\/\/www.facebook.com\/mvknunningen","article_modified_time":"2025-05-12T19:15:47+00:00","twitter_card":"summary_large_image","twitter_misc":{"Gesch\u00e4tzte Lesezeit":"1\u00a0Minute"},"schema":{"@context":"https:\/\/schema.org","@graph":[{"@type":"WebPage","@id":"https:\/\/mvknunningen.ch\/?page_id=12","url":"https:\/\/mvknunningen.ch\/?page_id=12","name":"Kontakt - MVK Nunningen","isPartOf":{"@id":"https:\/\/mvknunningen.ch\/#website"},"datePublished":"2025-05-04T18:38:40+00:00","dateModified":"2025-05-12T19:15:47+00:00","breadcrumb":{"@id":"https:\/\/mvknunningen.ch\/?page_id=12#breadcrumb"},"inLanguage":"de-CH","potentialAction":[{"@type":"ReadAction","target":["https:\/\/mvknunningen.ch\/?page_id=12"]}]},{"@type":"BreadcrumbList","@id":"https:\/\/mvknunningen.ch\/?page_id=12#breadcrumb","itemListElement":[{"@type":"ListItem","position":1,"name":"Startseite","item":"https:\/\/mvknunningen.ch\/"},{"@type":"ListItem","position":2,"name":"Kontakt"}]},{"@type":"WebSite","@id":"https:\/\/mvknunningen.ch\/#website","url":"https:\/\/mvknunningen.ch\/","name":"MVK","description":"","publisher":{"@id":"https:\/\/mvknunningen.ch\/#organization"},"potentialAction":[{"@type":"SearchAction","target":{"@type":"EntryPoint","urlTemplate":"https:\/\/mvknunningen.ch\/?s={search_term_string}"},"query-input":{"@type":"PropertyValueSpecification","valueRequired":true,"valueName":"search_term_string"}}],"inLanguage":"de-CH"},{"@type":"Organization","@id":"https:\/\/mvknunningen.ch\/#organization","name":"Musikverein Konkordia Nunningen","url":"https:\/\/mvknunningen.ch\/","logo":{"@type":"ImageObject","inLanguage":"de-CH","@id":"https:\/\/mvknunningen.ch\/#\/schema\/logo\/image\/","url":"https:\/\/mvknunningen.ch\/wp-content\/uploads\/2025\/05\/cropped-Logo_MVKN.png","contentUrl":"https:\/\/mvknunningen.ch\/wp-content\/uploads\/2025\/05\/cropped-Logo_MVKN.png","width":306,"height":80,"caption":"Musikverein Konkordia Nunningen"},"image":{"@id":"https:\/\/mvknunningen.ch\/#\/schema\/logo\/image\/"},"sameAs":["https:\/\/www.facebook.com\/mvknunningen"]}]}},"jetpack_sharing_enabled":true,"_links":{"self":[{"href":"https:\/\/mvknunningen.ch\/index.php?rest_route=\/wp\/v2\/pages\/12","targetHints":{"allow":["GET"]}}],"collection":[{"href":"https:\/\/mvknunningen.ch\/index.php?rest_route=\/wp\/v2\/pages"}],"about":[{"href":"https:\/\/mvknunningen.ch\/index.php?rest_route=\/wp\/v2\/types\/page"}],"author":[{"embeddable":true,"href":"https:\/\/mvknunningen.ch\/index.php?rest_route=\/wp\/v2\/users\/1"}],"replies":[{"embeddable":true,"href":"https:\/\/mvknunningen.ch\/index.php?rest_route=%2Fwp%2Fv2%2Fcomments&post=12"}],"version-history":[{"count":6,"href":"https:\/\/mvknunningen.ch\/index.php?rest_route=\/wp\/v2\/pages\/12\/revisions"}],"predecessor-version":[{"id":310,"href":"https:\/\/mvknunningen.ch\/index.php?rest_route=\/wp\/v2\/pages\/12\/revisions\/310"}],"wp:attachment":[{"href":"https:\/\/mvknunningen.ch\/index.php?rest_route=%2Fwp%2Fv2%2Fmedia&parent=12"}],"curies":[{"name":"wp","href":"https:\/\/api.w.org\/{rel}","templated":true}]}}

<h2 class="wp-block-heading">Vereinsadresse</h2>



<p>Musikverein Konkordia Nunningen<br>Riedenweg 18b<br>4208 Nunningen</p>



<p>Bei Fragen steht der Präsident unter <a href="mailto:praesidium@mvknunningen.ch">praesidium@mvknunningen.ch</a> gerne zur Verfügung. Für Anliegen rund um Sponsoring können Sie sich an <a href="mailto:inserate@mvknunningen.ch">inserate@mvknunningen.ch</a> wenden.</p>



<h2 class="wp-block-heading">Verantwortliche Personen</h2>



<h3 class="wp-block-heading">Vorstand</h3>



<figure class="wp-block-table is-style-stripes"><table class="has-fixed-layout"><tbody><tr><td><strong>Charge</strong></td><td><strong>Name</strong></td></tr><tr><td>Anlässe &amp; Konzerte</td><td>Sandra Blaser</td></tr><tr><td>Finanzen</td><td>Denise Emmenegger</td></tr><tr><td>Material</td><td>Nadine Walter</td></tr><tr><td>Öffentlichkeitsarbeit</td><td>Petra Gasser</td></tr><tr><td>Präsidium</td><td>Manfred Gasser</td></tr><tr><td>Sekretariat</td><td>Anton Hänggi</td></tr><tr><td>Vizepräsidium</td><td>Sandra Blaser</td></tr></tbody></table></figure>



<h3 class="wp-block-heading">Musikkommission</h3>



<figure class="wp-block-table is-style-stripes"><table class="has-fixed-layout"><tbody><tr><td><strong>Charge</strong></td><td><strong>Name</strong></td></tr><tr><td>Beisitz</td><td>Andreas Grolimund</td></tr><tr><td>Beisitz</td><td>Michael Fischer</td></tr><tr><td>Beisitz</td><td>Sarina Zeugin</td></tr><tr><td>Präsidium</td><td>Matthias Altermatt</td></tr></tbody></table></figure>



<h3 class="wp-block-heading">Jugendmusik</h3>



<figure class="wp-block-table is-style-stripes"><table class="has-fixed-layout"><tbody><tr><td><strong>Charge</strong></td><td><strong>Name</strong></td></tr><tr><td>Finanzen</td><td>Andreas Hänggi</td></tr><tr><td>Verantwortliche</td><td>Katja Gasser</td></tr></tbody></table></figure>



<h2 class="wp-block-heading"><a href="https://mvknunningen.ch/?page_id=3">Datenschutzerklärung</a></h2>

<p>Vereinsadresse Musikverein Konkordia NunningenRiedenweg 18b4208 Nunningen Bei Fragen steht der Präsident unter praesidium@mvknunningen.ch gerne zur Verfügung. Für Anliegen rund um Sponsoring können Sie sich an inserate@mvknunningen.ch wenden. Verantwortliche Personen Vorstand Charge Name Anlässe &amp; Konzerte Sandra Blaser Finanzen Denise Emmenegger Material Nadine Walter Öffentlichkeitsarbeit Petra Gasser Präsidium Manfred Gasser Sekretariat Anton Hänggi Vizepräsidium Sandra Blaser<a class="more-link" href="https://mvknunningen.ch/?page_id=12">Continue reading <span class="screen-reader-text">&#171;Kontakt&#187;</span></a></p>

<!-- This site is optimized with the Yoast SEO plugin v27.4 - https://yoast.com/product/yoast-seo-wordpress/ -->
<title>Kontakt - MVK Nunningen</title>
<meta name="robots" content="index, follow, max-snippet:-1, max-image-preview:large, max-video-preview:-1" />
<link rel="canonical" href="https://mvknunningen.ch/?page_id=12" />
<meta property="og:locale" content="de_DE" />
<meta property="og:type" content="article" />
<meta property="og:title" content="Kontakt - MVK Nunningen" />
<meta property="og:description" content="Vereinsadresse Musikverein Konkordia NunningenRiedenweg 18b4208 Nunningen Bei Fragen steht der Präsident unter praesidium@mvknunningen.ch gerne zur Verfügung. Für Anliegen rund um Sponsoring können Sie sich an inserate@mvknunningen.ch wenden. Verantwortliche Personen Vorstand Charge Name Anlässe &amp; Konzerte Sandra Blaser Finanzen Denise Emmenegger Material Nadine Walter Öffentlichkeitsarbeit Petra Gasser Präsidium Manfred Gasser Sekretariat Anton Hänggi Vizepräsidium Sandra BlaserContinue reading &quot;Kontakt&quot;" />
<meta property="og:url" content="https://mvknunningen.ch/?page_id=12" />
<meta property="og:site_name" content="MVK Nunningen" />
<meta property="article:publisher" content="https://www.facebook.com/mvknunningen" />
<meta property="article:modified_time" content="2025-05-12T19:15:47+00:00" />
<meta name="twitter:card" content="summary_large_image" />
<meta name="twitter:label1" content="Geschätzte Lesezeit" />
	<meta name="twitter:data1" content="1 Minute" />
<script type="application/ld+json" class="yoast-schema-graph">{"@context":"https:\/\/schema.org","@graph":[{"@type":"WebPage","@id":"https:\/\/mvknunningen.ch\/?page_id=12","url":"https:\/\/mvknunningen.ch\/?page_id=12","name":"Kontakt - MVK Nunningen","isPartOf":{"@id":"https:\/\/mvknunningen.ch\/#website"},"datePublished":"2025-05-04T18:38:40+00:00","dateModified":"2025-05-12T19:15:47+00:00","breadcrumb":{"@id":"https:\/\/mvknunningen.ch\/?page_id=12#breadcrumb"},"inLanguage":"de-CH","potentialAction":[{"@type":"ReadAction","target":["https:\/\/mvknunningen.ch\/?page_id=12"]}]},{"@type":"BreadcrumbList","@id":"https:\/\/mvknunningen.ch\/?page_id=12#breadcrumb","itemListElement":[{"@type":"ListItem","position":1,"name":"Startseite","item":"https:\/\/mvknunningen.ch\/"},{"@type":"ListItem","position":2,"name":"Kontakt"}]},{"@type":"WebSite","@id":"https:\/\/mvknunningen.ch\/#website","url":"https:\/\/mvknunningen.ch\/","name":"MVK","description":"","publisher":{"@id":"https:\/\/mvknunningen.ch\/#organization"},"potentialAction":[{"@type":"SearchAction","target":{"@type":"EntryPoint","urlTemplate":"https:\/\/mvknunningen.ch\/?s={search_term_string}"},"query-input":{"@type":"PropertyValueSpecification","valueRequired":true,"valueName":"search_term_string"}}],"inLanguage":"de-CH"},{"@type":"Organization","@id":"https:\/\/mvknunningen.ch\/#organization","name":"Musikverein Konkordia Nunningen","url":"https:\/\/mvknunningen.ch\/","logo":{"@type":"ImageObject","inLanguage":"de-CH","@id":"https:\/\/mvknunningen.ch\/#\/schema\/logo\/image\/","url":"https:\/\/mvknunningen.ch\/wp-content\/uploads\/2025\/05\/cropped-Logo_MVKN.png","contentUrl":"https:\/\/mvknunningen.ch\/wp-content\/uploads\/2025\/05\/cropped-Logo_MVKN.png","width":306,"height":80,"caption":"Musikverein Konkordia Nunningen"},"image":{"@id":"https:\/\/mvknunningen.ch\/#\/schema\/logo\/image\/"},"sameAs":["https:\/\/www.facebook.com\/mvknunningen"]}]}</script>
<!-- / Yoast SEO plugin. -->

Vereinsadresse Musikverein Konkordia NunningenRiedenweg 18b4208 Nunningen Bei Fragen steht der Präsident unter praesidium@mvknunningen.ch gerne zur Verfügung. Für Anliegen rund um Sponsoring können Sie sich an inserate@mvknunningen.ch wenden. Verantwortliche Personen Vorstand Charge Name Anlässe &amp; Konzerte Sandra Blaser Finanzen Denise Emmenegger Material Nadine Walter Öffentlichkeitsarbeit Petra Gasser Präsidium Manfred Gasser Sekretariat Anton Hänggi Vizepräsidium Sandra BlaserContinue reading "Kontakt"
